{"id":15,"date":"2022-12-10T17:59:51","date_gmt":"2022-12-10T16:59:51","guid":{"rendered":"https:\/\/sonjabischofberger.ch\/?page_id=15"},"modified":"2026-01-28T11:53:52","modified_gmt":"2026-01-28T10:53:52","slug":"activites","status":"publish","type":"page","link":"https:\/\/sonjabischofberger.ch\/de\/activites\/","title":{"rendered":""},"content":{"rendered":"<div class=\"wp-block-group alignwide has-global-padding is-layout-constrained wp-block-group-is-layout-constrained\" style=\"padding-top:0px;padding-bottom:0px\">\n<hr class=\"wp-block-separator has-text-color has-background-color has-alpha-channel-opacity has-background-background-color has-background alignwide is-style-wide\"\/>\n\n\n\n<div class=\"wp-block-columns are-vertically-aligned-center is-layout-flex wp-container-core-columns-is-layout-3a88641f wp-block-columns-is-layout-flex\">\n<div class=\"wp-block-column is-vertically-aligned-center is-layout-flow wp-block-column-is-layout-flow\"><\/div>\n<\/div>\n<\/div>\n\n\n\n<div class=\"wp-block-cover alignfull wp-duotone-unset-1\" style=\"min-height:534px;aspect-ratio:unset;\"><img data-recalc-dims=\"1\" fetchpriority=\"high\" decoding=\"async\" width=\"5438\" height=\"3062\" data-attachment-id=\"195\" data-permalink=\"https:\/\/sonjabischofberger.ch\/de\/sonja-bischofberger-3\/\" data-orig-file=\"https:\/\/i0.wp.com\/sonjabischofberger.ch\/wp-content\/uploads\/2022\/12\/bischofberger2109201615cr_4_77-edited.jpg?fit=5438%2C3062&amp;ssl=1\" data-orig-size=\"5438,3062\" data-comments-opened=\"1\" data-image-meta=\"{&quot;aperture&quot;:&quot;9&quot;,&quot;credit&quot;:&quot;Charly Rappo&quot;,&quot;camera&quot;:&quot;NIKON D5&quot;,&quot;caption&quot;:&quot;Sonja Bischofberger, souffleuse de verre\\rFribourg, 21.09.2016\\rPhoto Bel Hiver \/ Charly Rappo&quot;,&quot;created_timestamp&quot;:&quot;1474465360&quot;,&quot;copyright&quot;:&quot;\\u00a9 Charly Rappo&quot;,&quot;focal_length&quot;:&quot;32&quot;,&quot;iso&quot;:&quot;400&quot;,&quot;shutter_speed&quot;:&quot;0.005&quot;,&quot;title&quot;:&quot;Sonja Bischofberger&quot;,&quot;orientation&quot;:&quot;1&quot;}\" data-image-title=\"Sonja Bischofberger\" data-image-description=\"\" data-image-caption=\"&lt;p&gt;Sonja Bischofberger, souffleuse de verre&lt;br \/&gt;Fribourg, 21.09.2016&lt;br \/&gt;Photo Bel Hiver \/ Charly Rappo&lt;\/p&gt;\" data-large-file=\"https:\/\/i0.wp.com\/sonjabischofberger.ch\/wp-content\/uploads\/2022\/12\/bischofberger2109201615cr_4_77-edited.jpg?fit=1024%2C577&amp;ssl=1\" class=\"wp-block-cover__image-background wp-image-195\" alt=\"\" src=\"https:\/\/i0.wp.com\/sonjabischofberger.ch\/wp-content\/uploads\/2022\/12\/bischofberger2109201615cr_4_77-edited.jpg?resize=5438%2C3062&#038;ssl=1\" data-object-fit=\"cover\"\/><span aria-hidden=\"true\" class=\"wp-block-cover__background has-background-dim-0 has-background-dim\"><\/span><div class=\"wp-block-cover__inner-container is-layout-flow wp-block-cover-is-layout-flow\">\n<p class=\"has-text-align-center has-large-font-size wp-block-paragraph\"><\/p>\n<\/div><\/div>\n\n\n\n<div style=\"height:12px\" aria-hidden=\"true\" class=\"wp-block-spacer\"><\/div>\n\n\n\n<p class=\"has-text-align-left wp-block-paragraph\">Tauchen Sie ein in einen interaktiven Workshop, der jeden <strong>ersten Samstag im Monat f\u00fcr alle offen ist<\/strong>.<br>Von 9 bis 12 Uhr (au\u00dfer Juli und August), nach <strong><a href=\"https:\/\/sonjabischofberger.ch\/de\/contact\/\" data-type=\"page\" data-id=\"18\">Einschreibung<\/a><\/strong>.<\/p>\n\n\n\n<div class=\"wp-block-columns alignwide is-layout-flex wp-container-core-columns-is-layout-0fa955d3 wp-block-columns-is-layout-flex\" style=\"padding-top:var(--wp--preset--spacing--20);padding-right:var(--wp--preset--spacing--20);padding-bottom:var(--wp--preset--spacing--20);padding-left:var(--wp--preset--spacing--20)\">\n<div class=\"wp-block-column is-layout-flow wp-block-column-is-layout-flow\">\n<div class=\"wp-block-group is-layout-flow wp-container-core-group-is-layout-da4d1c6b wp-block-group-is-layout-flow\" style=\"padding-top:10px;padding-right:0px;padding-bottom:10px;padding-left:0px\">\n<hr class=\"wp-block-separator has-alpha-channel-opacity is-style-wide\"\/>\n\n\n\n<h3 class=\"wp-block-heading has-black-color has-text-color\"><strong>Interaktives Atelier f\u00fcr Kinder<\/strong><\/h3>\n\n\n\n<p class=\"has-small-font-size wp-block-paragraph\"><strong>Die Kinder blasen ihr eigenh\u00e4ndig kreiertes Objekt<\/strong> : Vase, Teelicht oder Weihnachtskugel, die man kann mit einem Namen oder einer kleinen Zeichnung dekoriert werden.<br><br>Gruppe bis 6 Kinder, 150 chf, Dauer zirka 1h15 <br>7 bis 9 Kinder, 215 chf, Dauer zirka 1h45<br><br>Bei einer kleineren Gruppe ist es m\u00f6glich, anspruchsvollere Objekte zu blasen. Der Preis wird aufgrund des Zeitaufwands und der Materialkosten definiert.<\/p>\n<\/div>\n<\/div>\n\n\n\n<div class=\"wp-block-column is-layout-flow wp-block-column-is-layout-flow\">\n<div class=\"wp-block-group is-layout-flow wp-container-core-group-is-layout-da4d1c6b wp-block-group-is-layout-flow\" style=\"padding-top:10px;padding-right:0px;padding-bottom:10px;padding-left:0px\">\n<hr class=\"wp-block-separator has-alpha-channel-opacity is-style-wide\"\/>\n\n\n\n<h3 class=\"wp-block-heading has-black-color has-text-color\"><strong>Glasblasen f\u00fcr Erwachsene<\/strong><\/h3>\n\n\n\n<p class=\"has-small-font-size wp-block-paragraph\">In Gruppen bis zu 9 Personen k\u00f6nnen Sie Ihr pers\u00f6nliches Objekt \u2013 sei es ein Weinglas, einen Kerzenst\u00e4nder oder eine \u00d6llampe - am Brenner gleich selbst gestalten.<\/p>\n\n\n\n<ul class=\"wp-block-list\">\n<li class=\"has-small-font-size\"><strong>Kerzenst\u00e4nder, \u00d6llampe, Vase, Weihnachtskugel<\/strong><br>54 chf p\/p, Dauer zirka 20 Min. p\/P<\/li>\n\n\n\n<li class=\"has-small-font-size\"><strong>Weinglas<\/strong><br>85 chf p\/p, Dauer zirka 30 Min. p\/P<\/li>\n<\/ul>\n<\/div>\n<\/div>\n<\/div>\n\n\n\n<div class=\"wp-block-columns alignwide is-layout-flex wp-container-core-columns-is-layout-0fa955d3 wp-block-columns-is-layout-flex\" style=\"padding-top:var(--wp--preset--spacing--20);padding-right:var(--wp--preset--spacing--20);padding-bottom:var(--wp--preset--spacing--20);padding-left:var(--wp--preset--spacing--20)\">\n<div class=\"wp-block-column is-layout-flow wp-block-column-is-layout-flow\">\n<div class=\"wp-block-group is-layout-flow wp-container-core-group-is-layout-e0dd750c wp-block-group-is-layout-flow\" style=\"padding-top:10px;padding-bottom:10px\">\n<hr class=\"wp-block-separator has-alpha-channel-opacity is-style-wide\"\/>\n\n\n\n<h3 class=\"wp-block-heading has-black-color has-text-color\"><strong>Vorf\u00fchrung mit Aperitif<\/strong><\/h3>\n\n\n\n<p class=\"has-ast-global-color-3-color has-text-color has-small-font-size wp-block-paragraph\">Das professionelle <strong>Glasblasen oder -ziehen wird am Brenner<\/strong> pr\u00e4sentiert. Gruppe bis 16 Personen.<br>150 chf die Vorf\u00fchrung, Dauer 1h15.<br><br><strong>Mit Aperitif<\/strong> (Chips, Erdn\u00fcsse, Wein, Bier, Limonaden): + 10 chf p\/P<br><br>Bei kleineren Gruppen ist es m\u00f6glich, selbst Glas am Brenner zu verarbeiten: + 10 chf p\/P<\/p>\n<\/div>\n<\/div>\n\n\n\n<div class=\"wp-block-column is-layout-flow wp-block-column-is-layout-flow\">\n<div class=\"wp-block-group is-layout-flow wp-container-core-group-is-layout-e0dd750c wp-block-group-is-layout-flow\" style=\"padding-top:10px;padding-bottom:10px\">\n<hr class=\"wp-block-separator has-alpha-channel-opacity is-style-wide\"\/>\n\n\n\n<h3 class=\"wp-block-heading has-black-color has-text-color\"><strong>Kurse<\/strong><\/h3>\n\n\n\n<p class=\"has-small-font-size wp-block-paragraph\"><strong>Schnupperkurs<\/strong>, bis 4 Personen<br>185 chf p\/P, Dauer zirka 3h<\/p>\n\n\n\n<p class=\"has-small-font-size wp-block-paragraph\"><strong>Unterricht an zwei Tagen oder vier halben Tagen<\/strong>, bis 4 Personen<br>670 chf p\/P<\/p>\n<\/div>\n<\/div>\n<\/div>\n\n\n\n<div style=\"height:34px\" aria-hidden=\"true\" class=\"wp-block-spacer\"><\/div>\n\n\n\n<div class=\"wp-block-group alignfull has-global-padding is-layout-constrained wp-block-group-is-layout-constrained\">\n<h2 class=\"wp-block-heading has-text-align-center\" style=\"font-size:clamp(0.929rem, 0.929rem + ((1vw - 0.2rem) * 0.785), 1.4rem);\"><strong>Kontaktieren Sie mich, um einen interaktiven Workshop<br>zum Glasblasen und -spinnen zu organisieren!<\/strong><\/h2>\n<\/div>\n\n\n\n<div class=\"wp-block-buttons is-content-justification-center is-layout-flex wp-container-core-buttons-is-layout-0aa01211 wp-block-buttons-is-layout-flex\" style=\"border-style:none;border-width:0px;border-radius:0px\">\n<div class=\"wp-block-button\"><a class=\"wp-block-button__link wp-element-button\" href=\"https:\/\/sonjabischofberger.ch\/de\/contact\/\">Kontakt<\/a><\/div>\n<\/div>\n\n\n\n<div style=\"height:59px\" aria-hidden=\"true\" class=\"wp-block-spacer\"><\/div>","protected":false},"excerpt":{"rendered":"<p>Plongez dans un atelier interactif ouvert \u00e0 toutes et tous, chaque 1er samedi du mois.De 9h \u00e0 12h (hors juillet et ao\u00fbt), sur inscription. Atelier interactif pour enfants Chaque enfant cr\u00e9e et souffle son propre objet : vase, boule de No\u00ebl ou photophore, que l&rsquo;on peut d\u00e9corer avec un nom ou un petit dessin. Jusqu&rsquo;\u00e0 [&hellip;]<\/p>\n","protected":false},"author":147136638,"featured_media":0,"parent":0,"menu_order":0,"comment_status":"closed","ping_status":"closed","template":"","meta":{"advanced_seo_description":"","jetpack_seo_html_title":"","jetpack_seo_noindex":false,"jetpack_seo_schema_type":"","_wpcom_ai_launchpad_about_page":false,"_wpcom_ai_launchpad_gallery_page":false,"_wpcom_ai_launchpad_contact_page":false,"_wpcom_ai_launchpad_events_page":false,"_wpcom_ai_launchpad_video_page":false,"_wpcom_ai_launchpad_portfolio_piece":false,"footnotes":""},"class_list":["post-15","page","type-page","status-publish","hentry"],"jetpack_likes_enabled":true,"jetpack_sharing_enabled":true,"jetpack_shortlink":"https:\/\/wp.me\/PeqNZv-f","jetpack-related-posts":[],"_links":{"self":[{"href":"https:\/\/sonjabischofberger.ch\/de\/wp-json\/wp\/v2\/pages\/15","targetHints":{"allow":["GET"]}}],"collection":[{"href":"https:\/\/sonjabischofberger.ch\/de\/wp-json\/wp\/v2\/pages"}],"about":[{"href":"https:\/\/sonjabischofberger.ch\/de\/wp-json\/wp\/v2\/types\/page"}],"author":[{"embeddable":true,"href":"https:\/\/sonjabischofberger.ch\/de\/wp-json\/wp\/v2\/users\/147136638"}],"replies":[{"embeddable":true,"href":"https:\/\/sonjabischofberger.ch\/de\/wp-json\/wp\/v2\/comments?post=15"}],"version-history":[{"count":44,"href":"https:\/\/sonjabischofberger.ch\/de\/wp-json\/wp\/v2\/pages\/15\/revisions"}],"predecessor-version":[{"id":3279,"href":"https:\/\/sonjabischofberger.ch\/de\/wp-json\/wp\/v2\/pages\/15\/revisions\/3279"}],"wp:attachment":[{"href":"https:\/\/sonjabischofberger.ch\/de\/wp-json\/wp\/v2\/media?parent=15"}],"curies":[{"name":"wp","href":"https:\/\/api.w.org\/{rel}","templated":true}]}}

<div class="wp-block-group alignwide has-global-padding is-layout-constrained wp-block-group-is-layout-constrained" style="padding-top:0px;padding-bottom:0px">
<hr class="wp-block-separator has-text-color has-background-color has-alpha-channel-opacity has-background-background-color has-background alignwide is-style-wide"/>



<div class="wp-block-columns are-vertically-aligned-center is-layout-flex wp-container-core-columns-is-layout-3a88641f wp-block-columns-is-layout-flex">
<div class="wp-block-column is-vertically-aligned-center is-layout-flow wp-block-column-is-layout-flow"></div>
</div>
</div>



<div class="wp-block-cover alignfull wp-duotone-unset-1" style="min-height:534px;aspect-ratio:unset;"><img data-recalc-dims="1" fetchpriority="high" decoding="async" width="5438" height="3062" data-attachment-id="195" data-permalink="https://sonjabischofberger.ch/de/sonja-bischofberger-3/" data-orig-file="https://i0.wp.com/sonjabischofberger.ch/wp-content/uploads/2022/12/bischofberger2109201615cr_4_77-edited.jpg?fit=5438%2C3062&amp;ssl=1" data-orig-size="5438,3062" data-comments-opened="1" data-image-meta="{&quot;aperture&quot;:&quot;9&quot;,&quot;credit&quot;:&quot;Charly Rappo&quot;,&quot;camera&quot;:&quot;NIKON D5&quot;,&quot;caption&quot;:&quot;Sonja Bischofberger, souffleuse de verre\rFribourg, 21.09.2016\rPhoto Bel Hiver / Charly Rappo&quot;,&quot;created_timestamp&quot;:&quot;1474465360&quot;,&quot;copyright&quot;:&quot;\u00a9 Charly Rappo&quot;,&quot;focal_length&quot;:&quot;32&quot;,&quot;iso&quot;:&quot;400&quot;,&quot;shutter_speed&quot;:&quot;0.005&quot;,&quot;title&quot;:&quot;Sonja Bischofberger&quot;,&quot;orientation&quot;:&quot;1&quot;}" data-image-title="Sonja Bischofberger" data-image-description="" data-image-caption="&lt;p&gt;Sonja Bischofberger, souffleuse de verre&lt;br /&gt;Fribourg, 21.09.2016&lt;br /&gt;Photo Bel Hiver / Charly Rappo&lt;/p&gt;" data-large-file="https://i0.wp.com/sonjabischofberger.ch/wp-content/uploads/2022/12/bischofberger2109201615cr_4_77-edited.jpg?fit=1024%2C577&amp;ssl=1" class="wp-block-cover__image-background wp-image-195" alt="" src="https://i0.wp.com/sonjabischofberger.ch/wp-content/uploads/2022/12/bischofberger2109201615cr_4_77-edited.jpg?resize=5438%2C3062&#038;ssl=1" data-object-fit="cover"/><span aria-hidden="true" class="wp-block-cover__background has-background-dim-0 has-background-dim"></span><div class="wp-block-cover__inner-container is-layout-flow wp-block-cover-is-layout-flow">
<p class="has-text-align-center has-large-font-size wp-block-paragraph"></p>
</div></div>



<div style="height:12px" aria-hidden="true" class="wp-block-spacer"></div>



<p class="has-text-align-left wp-block-paragraph">Tauchen Sie ein in einen interaktiven Workshop, der jeden <strong>ersten Samstag im Monat für alle offen ist</strong>.<br>Von 9 bis 12 Uhr (außer Juli und August), nach <strong><a href="https://sonjabischofberger.ch/de/contact/" data-type="page" data-id="18">Einschreibung</a></strong>.</p>



<div class="wp-block-columns alignwide is-layout-flex wp-container-core-columns-is-layout-0fa955d3 wp-block-columns-is-layout-flex" style="padding-top:var(--wp--preset--spacing--20);padding-right:var(--wp--preset--spacing--20);padding-bottom:var(--wp--preset--spacing--20);padding-left:var(--wp--preset--spacing--20)">
<div class="wp-block-column is-layout-flow wp-block-column-is-layout-flow">
<div class="wp-block-group is-layout-flow wp-container-core-group-is-layout-da4d1c6b wp-block-group-is-layout-flow" style="padding-top:10px;padding-right:0px;padding-bottom:10px;padding-left:0px">
<hr class="wp-block-separator has-alpha-channel-opacity is-style-wide"/>



<h3 class="wp-block-heading has-black-color has-text-color"><strong>Interaktives Atelier für Kinder</strong></h3>



<p class="has-small-font-size wp-block-paragraph"><strong>Die Kinder blasen ihr eigenhändig kreiertes Objekt</strong> : Vase, Teelicht oder Weihnachtskugel, die man kann mit einem Namen oder einer kleinen Zeichnung dekoriert werden.<br><br>Gruppe bis 6 Kinder, 150 chf, Dauer zirka 1h15 <br>7 bis 9 Kinder, 215 chf, Dauer zirka 1h45<br><br>Bei einer kleineren Gruppe ist es möglich, anspruchsvollere Objekte zu blasen. Der Preis wird aufgrund des Zeitaufwands und der Materialkosten definiert.</p>
</div>
</div>



<div class="wp-block-column is-layout-flow wp-block-column-is-layout-flow">
<div class="wp-block-group is-layout-flow wp-container-core-group-is-layout-da4d1c6b wp-block-group-is-layout-flow" style="padding-top:10px;padding-right:0px;padding-bottom:10px;padding-left:0px">
<hr class="wp-block-separator has-alpha-channel-opacity is-style-wide"/>



<h3 class="wp-block-heading has-black-color has-text-color"><strong>Glasblasen für Erwachsene</strong></h3>



<p class="has-small-font-size wp-block-paragraph">In Gruppen bis zu 9 Personen können Sie Ihr persönliches Objekt – sei es ein Weinglas, einen Kerzenständer oder eine Öllampe - am Brenner gleich selbst gestalten.</p>



<ul class="wp-block-list">
<li class="has-small-font-size"><strong>Kerzenständer, Öllampe, Vase, Weihnachtskugel</strong><br>54 chf p/p, Dauer zirka 20 Min. p/P</li>



<li class="has-small-font-size"><strong>Weinglas</strong><br>85 chf p/p, Dauer zirka 30 Min. p/P</li>
</ul>
</div>
</div>
</div>



<div class="wp-block-columns alignwide is-layout-flex wp-container-core-columns-is-layout-0fa955d3 wp-block-columns-is-layout-flex" style="padding-top:var(--wp--preset--spacing--20);padding-right:var(--wp--preset--spacing--20);padding-bottom:var(--wp--preset--spacing--20);padding-left:var(--wp--preset--spacing--20)">
<div class="wp-block-column is-layout-flow wp-block-column-is-layout-flow">
<div class="wp-block-group is-layout-flow wp-container-core-group-is-layout-e0dd750c wp-block-group-is-layout-flow" style="padding-top:10px;padding-bottom:10px">
<hr class="wp-block-separator has-alpha-channel-opacity is-style-wide"/>



<h3 class="wp-block-heading has-black-color has-text-color"><strong>Vorführung mit Aperitif</strong></h3>



<p class="has-ast-global-color-3-color has-text-color has-small-font-size wp-block-paragraph">Das professionelle <strong>Glasblasen oder -ziehen wird am Brenner</strong> präsentiert. Gruppe bis 16 Personen.<br>150 chf die Vorführung, Dauer 1h15.<br><br><strong>Mit Aperitif</strong> (Chips, Erdnüsse, Wein, Bier, Limonaden): + 10 chf p/P<br><br>Bei kleineren Gruppen ist es möglich, selbst Glas am Brenner zu verarbeiten: + 10 chf p/P</p>
</div>
</div>



<div class="wp-block-column is-layout-flow wp-block-column-is-layout-flow">
<div class="wp-block-group is-layout-flow wp-container-core-group-is-layout-e0dd750c wp-block-group-is-layout-flow" style="padding-top:10px;padding-bottom:10px">
<hr class="wp-block-separator has-alpha-channel-opacity is-style-wide"/>



<h3 class="wp-block-heading has-black-color has-text-color"><strong>Kurse</strong></h3>



<p class="has-small-font-size wp-block-paragraph"><strong>Schnupperkurs</strong>, bis 4 Personen<br>185 chf p/P, Dauer zirka 3h</p>



<p class="has-small-font-size wp-block-paragraph"><strong>Unterricht an zwei Tagen oder vier halben Tagen</strong>, bis 4 Personen<br>670 chf p/P</p>
</div>
</div>
</div>



<div style="height:34px" aria-hidden="true" class="wp-block-spacer"></div>



<div class="wp-block-group alignfull has-global-padding is-layout-constrained wp-block-group-is-layout-constrained">
<h2 class="wp-block-heading has-text-align-center" style="font-size:clamp(0.929rem, 0.929rem + ((1vw - 0.2rem) * 0.785), 1.4rem);"><strong>Kontaktieren Sie mich, um einen interaktiven Workshop<br>zum Glasblasen und -spinnen zu organisieren!</strong></h2>
</div>



<div class="wp-block-buttons is-content-justification-center is-layout-flex wp-container-core-buttons-is-layout-0aa01211 wp-block-buttons-is-layout-flex" style="border-style:none;border-width:0px;border-radius:0px">
<div class="wp-block-button"><a class="wp-block-button__link wp-element-button" href="https://sonjabischofberger.ch/de/contact/">Kontakt</a></div>
</div>



<div style="height:59px" aria-hidden="true" class="wp-block-spacer"></div>

<p>Plongez dans un atelier interactif ouvert à toutes et tous, chaque 1er samedi du mois.De 9h à 12h (hors juillet et août), sur inscription. Atelier interactif pour enfants Chaque enfant crée et souffle son propre objet : vase, boule de Noël ou photophore, que l&rsquo;on peut décorer avec un nom ou un petit dessin. Jusqu&rsquo;à [&hellip;]</p>
